299
Let p(k) = 2*k**2 + 16*k - 74. Give p(4).
22
Let a(c) = -4*c**3 + 5*c**2 - 33*c + 65. Determine a(5).
-475
Let q(i) = i**3 - 18*i**2 - 38*i - 40. What is q(20)?
0
Let t(a) = a**3 - a**2 - 2*a + 1. Determine t(-2).
-7
Let f(q) = -2*q**3 - q**2 - 4*q + 73. Determine f(-4).
201
Let u(p) = -p**2 + 14*p + 21. What is u(14)?
21
Let b(f) = 2*f**3 - 24*f**2 - 19*f - 102. Calculate b(13).
-11
Let c(g) = -3*g**2 - 32*g + 202. Calculate c(0).
202
Let i(r) = -25*r - 374. What is i(-15)?
1
Let i(j) = -2*j**3 + 2*j**2 + 69*j - 8. Give i(-7).
293
Let w(m) = -m**2 - 542*m + 3256. What is w(6)?
-32
Let u(h) = -3771*h + 30169. Calculate u(8).
1
Let k(g) = g**2 - 105*g + 974. What is k(11)?
-60
Let f(z) = -12*z - 237. What is f(8)?
-333
Let j(z) = z**3 + 28*z**2 + 194*z + 44. Determine j(-16).
12
Let i(j) = j**3 - 11*j**2 + 436*j - 837. Calculate i(2).
-1
Let k(a) = a**2 - 5869*a - 100060. Give k(-17).
2
Let u(z) = 422*z + 3285. Give u(-8).
-91
Let g(r) = -114*r**2 + r - 2. Determine g(-1).
-117
Let g(b) = -b**3 + 33*b**2 + 65*b + 171. Calculate g(35).
-4
Let p(q) = 2*q**2 - 45*q - 224. What is p(-5)?
51
Let x(v) = 92*v + 916. Determine x(-10).
-4
Let g(f) = 10943*f - 43747. What is g(4)?
25
Let q(f) = -f**3 + 140*f**2 + 570*f + 779. Calculate q(144).
-85
Let y(w) = -w**2 + 345*w - 8873. Give y(28).
3
Let d(k) = k**3 + 251*k**2 + 1468*k - 435. Calculate d(-245).
55
Let b(o) = -2*o**3 + 108*o**2 - 735*o - 44. Give b(46).
2
Let b(c) = -32*c**3 + c**2 - 19*c + 18. Determine b(1).
-32
Let z(a) = a**3 - 16*a**2 + 23*a - 29. What is z(15)?
91
Let q(c) = c**3 - 8*c**2 + 13*c + 6. Calculate q(5).
-4
Let g(j) = j**3 + 8*j**2 - 18*j - 18. Give g(-11).
-183
Let n(j) = j**3 - 56*j**2 + 292*j - 180. Determine n(5).
5
Let h(n) = -2*n**2 + 109*n + 257. Calculate h(56).
89
Let m(o) = 8*o**3 + 368*o**2 + o + 9. Determine m(-46).
-37
Let o(w) = -2*w**3 - 85*w**2 - 32*w + 428. Calculate o(-42).
8
Let m(v) = -6*v**3 - 9*v**2 - 47*v - 240. Give m(-6).
1014
Let l(r) = 155*r - 20166. What is l(130)?
-16
Let j(d) = 20*d**2 + 219*d - 18. Determine j(-11).
-7
Let p(h) = h**3 - 52*h**2 - 5*h + 195. Determine p(52).
-65
Let p(s) = 133*s + 273. What is p(-3)?
-126
Let k(t) = -4*t**2 + 31*t. Determine k(7).
21
Let u(r) = -114*r - 4256. Determine u(-37).
-38
Let n(w) = w**3 - 38*w**2 + 51*w + 762. Determine n(36).
6
Let w(x) = 53*x**2 + 19*x - 40. What is w(2)?
210
Let j(z) = -7*z**2 - 610*z + 8213. Give j(-99).
-4
Let u(o) = -2*o**2 - 1919*o - 9534. Give u(-5).
11
Let a(m) = -67*m + 438. Calculate a(6).
36
Let u(w) = 3*w**3 + 12*w**2 + 5*w + 74. Determine u(-5).
-26
Let q(y) = 2*y**2 + 10*y + 197. Calculate q(-13).
405
Let f(n) = -n**3 - 5*n**2 + 15*n - 80. Calculate f(-8).
-8
Let v(s) = -s**2 - 82*s - 1092. Determine v(-17).
13
Let q(v) = 9*v - 130. What is q(20)?
50
Let c(g) = -2*g**2 + 3463*g - 41255. Determine c(12).
13
Let f(m) = 10*m**2 + 3*m. What is f(-1)?
7
Let x(m) = 22*m + 683. Determine x(-17).
309
Let y(t) = t**3 - 3*t**2 - 2624*t + 7861. What is y(3)?
-11
Let s(l) = 183*l - 38242. Give s(209).
5
Let j(v) = 3*v - 123. What is j(14)?
-81
Let g(u) = u**2 - 3593*u - 1. Give g(0).
-1
Let u(y) = y**3 - 16*y**2 - 13*y - 89. Determine u(17).
-21
Let p(y) = y**3 + 21*y**2 - 439*y - 161. What is p(-34)?
-263
Let a(h) = -7*h**2 + 4*h + 231. Determine a(0).
231
Let n(k) = k**2 + k + 9. What is n(4)?
29
Let f(o) = 4*o**2 - 258*o + 381. Calculate f(63).
3
Let s(i) = -i**3 + 11*i**2 + 10*i - 22. Give s(10).
178
Let k(z) = z**2 + 172*z + 817. Calculate k(-5).
-18
Let y(m) = -5*m**2 + 11. Give y(-2).
-9
Let u(x) = -x**3 - 14*x**2 + 52*x + 16. Give u(-17).
-1
Let k(q) = 2*q + 189. Give k(-69).
51
Let l(j) = j**3 - 97*j**2 - 252*j + 5356. Calculate l(99).
10
Let m(b) = -b**3 + 121*b**2 - 457*b - 1286. Give m(117).
1
Let b(a) = -4*a**2 - a + 67. Calculate b(-4).
7
Let g(j) = -j**3 + 119*j**2 + 292*j - 6046. Determine g(121).
4
Let r(z) = -2*z**2 + 7*z + 304. Give r(14).
10
Let a(x) = 3*x**3 - 57*x**2 - 8*x + 9. Give a(19).
-143
Let o(u) = -u**3 + 8*u**2 + 23*u - 140. Determine o(7).
70
Let x(l) = 7*l + 228. Calculate x(5).
263
Let p(r) = r**3 - 75*r**2 + 75*r - 103. What is p(74)?
-29
Let g(l) = -l**3 + 63*l**2 - 109*l - 205. Give g(61).
588
Let i(b) = 3*b - 256. What is i(-38)?
-370
Let r(z) = -7*z + 160. Give r(19).
27
Let k(t) = -t**2 + 183*t - 813. Calculate k(5).
77
Let w(a) = -255*a - 801. What is w(-3)?
-36
Let m(f) = -75*f**2 - 169*f - 170. What is m(-1)?
-76
Let x(i) = -i**2 - 120*i - 1003. Determine x(-9).
-4
Let u(k) = k**3 + 21*k**2 + 51*k - 88. Determine u(-18).
-34
Let v(g) = 44*g - 716. Give v(19).
120
Let i(g) = 9*g**2 - 129*g + 130. Determine i(1).
10
Let j(r) = -64*r - 4. Calculate j(2).
-132
Let p(q) = -12*q**2 + 38*q - 1. Calculate p(4).
-41
Let k(a) = a**3 - 7*a**2 - 220*a + 1720. What is k(8)?
24
Let y(j) = -j**3 + 40*j**2 + 272*j - 13. Calculate y(-6).
11
Let v(b) = b**3 - 30*b**2 - 33*b + 80. Give v(31).
18
Let v(o) = -o**3 - 209*o**2 + 849*o - 636. Determine v(-213).
3
Let n(w) = -2*w**2 - 7*w + 54. Calculate n(-7).
5
Let d(h) = -42*h - 63. Determine d(-1).
-21
Let q(w) = -3*w**2 + 33*w + 217. Give q(-6).
-89
Let l(v) = 456*v - 35572. Give l(78).
-4
Let v(x) = -65*x - 712. Give v(-11).
3
Let z(a) = 153*a + 255. What is z(-4)?
-357
Let d(x) = -x**3 + 25*x**2 + 113*x + 100. Determine d(29).
13
Let d(q) = 19357*q + 270998. Give d(-14).
0
Let z(y) = y**2 + 89*y + 717. What is z(-80)?
-3
Let u(o) = -22*o**3 + 267*o**2 - 72*o + 427. Determine u(12).
-5
Let m(q) = 3*q**3 + q - 1. Determine m(-1).
-5
Let l(x) = x**3 - x**2 - 15*x - 19. Calculate l(4).
-31
Let m(k) = -73*k + 3999. Calculate m(55).
-16
Let i(s) = -s**3 + 11*s**2 - 6*s + 7. Calculate i(6).
151
Let y(z) = -2*z**3 - 23*z**2 - 44*z - 30. Calculate y(-9).
-39
Let a(u) = -5*u**2 - 5*u - 16. Calculate a(-8).
-296
Let t(s) = s**3 - 2*s**2 - 4*s - 83. Determine t(5).
-28
Let n(t) = -10*t**2 - 87*t + 181. Determine n(-11).
-72
Let n(u) = -3*u**2 + 101*u - 146. Give n(32).
14
Let o(v) = v**2 - 9*v - 112. Give o(18).
50
Let n(s) = s**3 + 21*s**2 + 8*s + 69. Give n(-21).
-99
Let h(r) = -2*r**3 - 10*r**2 + 32. Give h(-4).
0
Let o(d) = d**3 + 63*d**2 + 817*d + 10. Give o(-18).
-116
Let q(y) = -796*y - 6360. Determine q(-8).
8
Let k(r) = 3*r**2 + 240*r + 67. What is k(-80)?
67
Let y(l) = -481*l + 27. Determine y(0).
27
Let o(x) = -3*x**3 + 20*x**2 - 4*x + 74. Give o(7).
-3
Let p(h) = -23*h + 177. What is p(8)?
-7
Let m(x) = 8*x**2 + 246*x - 321. Give m(-32).
-1
Let j(b) = 37*b**2 - 7*b - 10. Determine j(-2).
152
Let a(j) = -357*j + 11426. What is a(32)?
2
Let f(t) = 6*t**2 + 723*t + 363. Determine f(-120).
3
Let k(r) = -2*r**2 + 8*r + 50. Calculate k(-3).
8
Let x(v) = -79*v - 48. Calculate x(-2).
110
Let g(q) = q**2 + 155*q - 1188. Give g(-163).
116
Let d(h) = 61*h + 4683. Determine d(-76).
47
Let i(j) = 36531*j + 146131. Calculate i(-4).
7
Let p(r) = -2*r**3 + 152*r**2 + 510*r - 38755. What is p(76)?
5
Let h(v) = v**3 - 8*v**2 + 36*v - 391. Determine h(10).
169
Let x(y) = -y**3 + 90*y**2 - 78*y - 952. Determine x(89).
27
Let v(r) = -r**3 + r**2 + 15*r + 12. Give v(-5).
87
Let j(w) = -2*w**2 + 56*w - 238. What is j(24)?
-46
Let h(j) = -65*j - 1236. What is h(-19)?
-1
Let m(g) = 126*g + 167. What is m(-3)?
-211
Let h(f) = 3*f**3 - f**2 + f. Calculate h(1).
3
Let u(r) = r**3 + 21*r**2 + 5*r - 306. Calculate u(-20).
-6
Let h(m) = -9*m**3 - 114*m**2 - 169*m - 31. What is h(-11)?
13
Let r(s) = -15*s + 338. Give r(28).
-82
Let v(r) = -15*r**2 + 167*r - 39. Give v(11).
-17
Let a(b) = -2*b**3 - 857*b**2 - 441*b - 5568. Calculate a(-428).
-4
Let w(t) = -t**3 - 25*t**2 + 6*t - 29. Calculate w(-25).
-179
Let i(f) = f**2 - 98*f - 9942. What is i(160)?
-22
Let u(g) = -2*g**2 - 445*g - 882. Determine u(-2).
0
Let n(w) = 4352*w + 21763. Give n(-5).
3
Let a(x) = 2*x**3 - x**2 + 9*x + 37. Calculate a(-3).
-53
Let c(p) = 1509*p + 19683. What is c(-13)?
66
Let u(j) = 18*j**2 - 41*j - 85. Determine u(-2).
69
Let j(a) = 119*a + 3066. What is j(-26)?
-28
Let g(r) = r**3 - 29*r**2 + 127*r + 133. Determine g(23).
-120
Let l(n) = -n**3 + 12*n**2 + n - 123. Give l(11).
9
Let w(c) = -13*c + 5. What is w(4)?
-47
Let u(p) = -1798*p - 5394. What is u(-3)?
0
Let n(o) = 2*o**2 + 619*o + 1848. What is n(-3)?
9
Let c(r) = -2*r**3 - 8*r**2 - 9*r - 7. What i